actors of 158577122.
2, 11, 17, 424003
What are the prime factors of 126246456?
2, 3, 7, 250489
List the prime factors of 945054362.
2, 7, 6571, 10273
What are the prime factors of 268572?
2, 3, 22381
What are the prime factors of 170660699?
11, 83, 16993
What are the prime factors of 23879519?
23879519
What are the prime factors of 1771296252?
2, 3, 11, 53, 23017
List the prime factors of 167000752.
2, 10437547
What are the prime factors of 833170678?
2, 283, 1472033
What are the prime factors of 40121125?
5, 11, 29179
What are the prime factors of 20724409?
43, 481963
What are the prime factors of 2341775870?
2, 5, 7, 167, 200323
What are the prime factors of 50638590?
2, 3, 5, 562651
What are the prime factors of 226959053?
337, 673469
List the prime factors of 5597493894.
2, 3, 1613, 192791
What are the prime factors of 8062349397?
3, 31, 827, 104827
What are the prime factors of 1034797262?
2, 151, 887, 3863
What are the prime factors of 820673799?
3, 11, 24868903
What are the prime factors of 5762674732?
2, 197, 1867, 3917
What are the prime factors of 1336038091?
29, 46070279
What are the prime factors of 68038509?
3, 7, 11, 6011
What are the prime factors of 31898954?
2, 1811, 8807
List the prime factors of 194891149.
4091, 47639
What are the prime factors of 15423057?
3, 13, 61, 2161
What are the prime factors of 1368610119?
3, 152067791
List the prime factors of 2753010590.
2, 5, 11, 2027, 12347
What are the prime factors of 1038515765?
5, 7, 113, 262583
List the prime factors of 1250908188.
2, 3, 727, 143387
What are the prime factors of 4376600345?
5, 13, 53, 1270421
List the prime factors of 233579843.
7, 5231, 6379
What are the prime factors of 249071814?
2, 3, 311, 14831
List the prime factors of 96592357.
96592357
List the prime factors of 215050880.
2, 5, 11, 2777
What are the prime factors of 39984028?
2, 7, 23, 47, 1321
What are the prime factors of 237542469?
3, 2851, 27773
List the prime factors of 332789177.
7, 47541311
What are the prime factors of 1011917523?
3, 19, 109, 271, 601
List the prime factors of 89830714.
2, 44915357
List the prime factors of 3404879306.
2, 17, 19, 683, 7717
List the prime factors of 44754269.
7, 6393467
List the prime factors of 73236264.
2, 3, 3051511
What are the prime factors of 3066755451?
3, 1022251817
List the prime factors of 5040004399.
17, 296470847
What are the prime factors of 2487077101?
17, 23, 276557
What are the prime factors of 4799510?
2, 5, 479951
What are the prime factors of 248478287?
9221, 26947
What are the prime factors of 76822445?
5, 7, 313561
List the prime factors of 7809968.
2, 83, 5881
What are the prime factors of 1841748141?
3, 613916047
List the prime factors of 35680086.
2, 3, 13, 41, 3719
List the prime factors of 49027974.
2, 3, 431, 18959
List the prime factors of 109930490.
2, 5, 10993049
List the prime factors of 551428637.
293, 1882009
List the prime factors of 3396119188.
2, 7, 11, 23, 43, 11149
List the prime factors of 106803214.
2, 7, 17, 23, 109, 179
List the prime factors of 380276359.
380276359
What are the prime factors of 69196085?
5, 7, 59, 4787
What are the prime factors of 415524027?
3, 138508009
List the prime factors of 2886586691.
2886586691
List the prime factors of 1726859137.
19, 90887323
What are the prime factors of 49776528?
2, 3, 29, 35759
List the prime factors of 924979276.
2, 13, 673, 26431
List the prime factors of 985829109.
3, 31, 547, 19379
List the prime factors of 28186460.
2, 5, 53, 26591
What are the prime factors of 131707245?
3, 5, 17, 516499
List the prime factors of 5559549825.
3, 5, 74127331
What are the prime factors of 5039555761?
5039555761
What are the prime factors of 50496498?
2, 3, 13, 215797
List the prime factors of 361725600.
2, 3, 5, 23, 6553
What are the prime factors of 557384332?
2, 139346083
List the prime factors of 88708425.
3, 5, 13, 37, 2459
List the prime factors of 202615156.
2, 50653789
List the prime factors of 20671873.
20671873
What are the prime factors of 1669790663?
43, 1693, 22937
List the prime factors of 703981873.
7, 29, 495413
List the prime factors of 493596939.
3, 11, 14957483
List the prime factors of 192622032.
2, 3, 233, 5741
List the prime factors of 1522777595.
5, 617, 493607
List the prime factors of 103351026.
2, 3, 47, 379, 967
What are the prime factors of 7195029?
3, 17, 141079
What are the prime factors of 7521288598?
2, 3760644299
What are the prime factors of 236882182?
2, 17, 6967123
What are the prime factors of 127693700?
2, 5, 23, 59, 941
List the prime factors of 566836785.
3, 5, 19, 3877
What are the prime factors of 1096996240?
2, 5, 13712453
What are the prime factors of 6247689981?
3, 13, 223, 229, 3137
What are the prime factors of 1900720736?
2, 23, 2582501
List the prime factors of 1562118346.
2, 643, 1214711
What are the prime factors of 49133342?
2, 24566671
What are the prime factors of 844187804?
2, 1637, 128923
List the prime factors of 46199689.
46199689
What are the prime factors of 107155024?
2, 6697189
What are the prime factors of 41181497?
7, 17, 401, 863
List the prime factors of 254393131.
254393131
List the prime factors of 2121858692.
2, 4261, 124493
List the prime factors of 13506090.
2, 3, 5, 13, 34631
What are the prime factors of 146675280?
2, 3, 5, 611147
List the prime factors of 1911834041.
13, 137, 1073461
What are the prime factors of 36847396?
2, 9211849
What are the prime factors of 1976949169?
13, 29, 5243897
List the prime factors of 2541023372.
2, 635255843
What are the prime factors of 92181363?
3, 53, 579757
List the prime factors of 1575632980.
2, 5, 163, 483323
What are the prime factors of 112150937?
223, 502919
List the prime factors of 121923439.
11, 17, 651997
What are the prime factors of 60620600?
2, 5, 47, 6449
What are the prime factors of 106694540?
2, 5, 71, 227, 331
What are the prime factors of 76140291?
3, 25380097
List the prime factors of 121945949.
121945949
List the prime factors of 27955568.
2, 61, 28643
List the prime factors of 609177911.
439, 1387649
List the prime factors of 634926739.
131, 1171, 4139
List the prime factors of 1210638008.
2, 67, 2258653
List the prime factors of 2384636476.
2, 29, 20557211
List the prime factors of 35583497.
857, 41521
List the prime factors of 89208690.
2, 3, 5, 17, 211, 829
List the prime factors of 119623491.
3, 13, 53, 101, 191
List the prime factors of 4263103871.
13, 327931067
List the prime factors of 2043141492.
2, 3, 7, 1451, 16763
What are the prime factors of 1294142713?
1294142713
What are the prime factors of 1182568433?
17, 37, 233, 8069
List the prime factors of 471020047.
113, 4168319
List the prime factors of 16747260.
2, 3, 5, 279121
What are the prime factors of 4709278?
2, 7, 263, 1279
List the prime factors of 1570058288.
2, 98128643
List the prime factors of 1627436733.
3, 13, 41729147
What are the prime factors of 188900182?
2, 59, 1019, 1571
List the prime factors of 7499985429.
3, 23, 6043, 17987
What are the prime factors of 2292505469?
97, 23634077
List the prime factors of 163606769.
41, 101, 39509
What are the prime factors of 817600831?
4799, 170369
What are the prime factors of 233524404?
2, 3, 2162263
List the prime factors of 90263761.
7, 17, 758519
List the prime factors of 1582873510.
2, 5, 158287351
What are the prime factors of 868245501?
3, 289415167
What are the prime factors of 55612769?
41, 1356409
What are the prime factors of 44847658?
2, 22423829
List the prime factors of 98652051.
3, 113, 97003
What are the prime factors of 1425647047?
11, 17, 29, 23899
What are the prime factors of 173800699?
101, 1720799
List the prime factors of 1611508956.
2, 3, 134292413
What are the prime factors of 64157728?
2, 17, 117937
List the prime factors of 828672418.
2, 7, 8455841
List the prime factors of 4550125431.
3, 37, 151, 271471
What are the prime factors of 511418659?
20983, 24373
What are the prime factors of 2044492724?
2, 23, 22222747
What are the prime factors of 3747059289?
3, 29, 2447, 5867
List the prime factors of 23363429.
31, 753659
What are the prime factors of 57697400?
2, 5, 43, 6709
What are the prime factors of 1949237045?
5, 7, 1021, 54547
What are the prime factors of 252078768?
2, 3, 881, 1987
What are the prime 